{"id":180,"date":"2024-06-07T10:26:14","date_gmt":"2024-06-07T08:26:14","guid":{"rendered":"https:\/\/oposicionesinformaticaysai.com\/?page_id=180"},"modified":"2024-06-14T16:20:09","modified_gmt":"2024-06-14T14:20:09","slug":"temario-pes-sistemas-y-aplicaciones-informaticas","status":"publish","type":"page","link":"https:\/\/oposicionesinformaticaysai.com\/index.php\/temario-pes-sistemas-y-aplicaciones-informaticas\/","title":{"rendered":"Temario PES Sistemas y Aplicaciones Inform\u00e1ticas"},"content":{"rendered":"\n<p><em>Temario sobre el que se realizar\u00e1 la Parte B  \u00abDesarrollo de un tema\u00bb de la Primera Prueba de la Fase de Oposici\u00f3n.  El temario en vigor tiene 65 temas, del que se sacan 4 bolas para que el opositor elija un tema.<\/em><\/p>\n\n\n\n<p><\/p>\n\n\n\n<p><strong>BLOQUE 01 \u2013 INFORMACI\u00d3N, HARDWARE, ARQUITECTURA<\/strong><\/p>\n\n\n\n<p>1. Representaci\u00f3n y comunicaci\u00f3n de la informaci\u00f3n.<br>2. Elementos funcionales de un ordenador digital.<br>3. Componentes, estructura y funcionamiento de la CPU (Unidad Central de Procesamiento).<br>4. Memoria Interna. Tipos. Direccionamiento. Caracter\u00edsticas y funciones.<br>5. Microprocesadores. Estructura. Tipos. Comunicaci\u00f3n con el exterior.<br>6. Sistemas De Almacenamiento Externo. Tipos. Caracter\u00edsticas y funcionamiento.<br>7. Dispositivos perif\u00e9ricos de entrada-salida. Caracter\u00edsticas y funcionamiento.<br>8. Componentes \u2018hardware\u2019 comerciales de un ordenador. Placa base. Tarjetas controladoras de dispositivo y de entrada-salida.<br>&nbsp;<\/p>\n\n\n\n<p><strong>BLOQUE 02 \u2013 LOS DATOS, REPRESENTACI\u00d3N INTERNA Y ORGANIZACI\u00d3N L\u00d3GICA<\/strong><\/p>\n\n\n\n<p>9. L\u00f3gica de circuitos. Circuitos combinacionales y secuenciales.<\/p>\n\n\n\n<p>10. Representaci\u00f3n interna de los datos.<br>11. Organizaci\u00f3n l\u00f3gica de los datos. Estructuras est\u00e1ticas.<br>12. Organizaci\u00f3n l\u00f3gica de los datos. Estructuras din\u00e1micas.<\/p>\n\n\n\n<p><strong>BLOQUE 03 \u2013 FICHEROS<\/strong><\/p>\n\n\n\n<p>13. Ficheros. Tipos. Caracter\u00edsticas. Organizaciones.<br>14. Utilizaci\u00f3n de ficheros seg\u00fan su organizaci\u00f3n.<\/p>\n\n\n\n<p><strong>BLOQUE 04 \u2013 SISTEMAS OPERATIVOS<\/strong><\/p>\n\n\n\n<p>15. Sistemas Operativos. Componentes. Estructura. Funciones. Tipos.<br>16. Sistemas Operativos: gesti\u00f3n de procesos.<br>17. Sistemas Operativos: gesti\u00f3n de memoria.<br>18. Sistemas Operativos: gesti\u00f3n de entradas-salidas.<br>19. Sistemas Operativos: gesti\u00f3n de archivos y dispositivos.<br>20. Explotaci\u00f3n y administraci\u00f3n de un sistema operativo monousuario.<br>21. Explotaci\u00f3n y administraci\u00f3n de un sistema multiusuario.<\/p>\n\n\n\n<p><strong>BLOQUE 05 \u2013 SISTEMAS INFORM\u00c1TICOS<\/strong><\/p>\n\n\n\n<p>22. Sistemas inform\u00e1ticos. Estructura f\u00edsica y funcional.<br>23. Instalaci\u00f3n de un sistema inform\u00e1tico. Entorno. Elementos. Conexi\u00f3n. Configuraci\u00f3n. Medidas de seguridad.<br>24. Planificaci\u00f3n y explotaci\u00f3n de un sistema inform\u00e1tico.<\/p>\n\n\n\n<p><strong>BLOQUE 06 \u2013 ALGORITMOS Y PROGRAMACI\u00d3N<\/strong><\/p>\n\n\n\n<p>25. Dise\u00f1o de algoritmos. T\u00e9cnicas descriptivas.<br>26. Lenguajes de programaci\u00f3n. Tipos y caracter\u00edsticas.<br>27. Programaci\u00f3n estructurada. Estructuras b\u00e1sicas. Funciones y procedimientos.<br>28. Programaci\u00f3n modular. Dise\u00f1o de funciones. Recursividad. Librer\u00edas.<br>29. Programaci\u00f3n orientada a objetos. Objetos. Clases. Herencia. Polimorfismos.<br>30. Programaci\u00f3n en tiempo real. Interrupciones. Sincronizaci\u00f3n y comunicaci\u00f3n entre tareas.<br>31. Utilidades para el desarrollo y pruebas de programas. Compiladores. Int\u00e9rpretes. Depuradores.<br>32. T\u00e9cnicas para la verificaci\u00f3n, prueba y documentaci\u00f3n de programas.<br>33. Programaci\u00f3n en lenguaje ensamblador. Instrucciones b\u00e1sicas. Formatos. Direccionamientos.<br>34. Lenguaje c: caracter\u00edsticas generales. Elementos del lenguaje. Estructura de un programa. Funciones de librer\u00eda y usuario. Entorno de compilaci\u00f3n. Herramientas.<br>35. Lenguaje c: manipulaci\u00f3n de estructuras de datos din\u00e1micas y est\u00e1ticas. Entrada y salida de datos. Gesti\u00f3n de punteros. Punteros a funciones. Gr\u00e1ficos en c.<\/p>\n\n\n\n<p><strong>BLOQUE 07 \u2013 BASES DE DATOS<\/strong><\/p>\n\n\n\n<p>36. Sistemas gestores de bases de datos. Funciones. Componentes. Arquitectura de referencia y operacionales. Tipos de sistemas.<br>37. Modelo de datos relacional. Estructura. Operaciones. \u00c1lgebra relacional.<br>38. Lenguajes para definici\u00f3n y manipulaci\u00f3n de datos en sistemas de bases de datos relacionales. Tipos. Caracter\u00edsticas. Lenguaje SQL.<br>39. Desarrollo de aplicaciones mediante bases de datos relacionales.<\/p>\n\n\n\n<p><strong>BLOQUE 08 \u2013 SISTEMAS DE INFORMACI\u00d3N Y APLICACIONES INFORM\u00c1TICAS<\/strong><\/p>\n\n\n\n<p>40. Explotaci\u00f3n autom\u00e1tica de documentaci\u00f3n administrativa.<br>41. Aplicaciones inform\u00e1ticas de prop\u00f3sito general y para la gesti\u00f3n comercial. Tipos. Funciones. Caracter\u00edsticas.<br>42. Instalaci\u00f3n y explotaci\u00f3n de aplicaciones inform\u00e1ticas.<br>43. Utilizaci\u00f3n compartida de recursos, ficheros y datos entre aplicaciones inform\u00e1ticas.<\/p>\n\n\n\n<p><strong>BLOQUE 09 \u2013 INGENIER\u00cdA DEL SOFTWARE, AN\u00c1LISIS Y DISE\u00d1O<\/strong><\/p>\n\n\n\n<p>44. An\u00e1lisis y dise\u00f1o de aplicaciones inform\u00e1ticas.<br>45. An\u00e1lisis y dise\u00f1o de servicios de presentaci\u00f3n en un entorno gr\u00e1fico.<br>46. Dise\u00f1o de interfaces gr\u00e1ficas de usuario.<br>47. Dise\u00f1o de interfaces en contexto de gesti\u00f3n.<br>48. Lenguajes de alto nivel en entorno gr\u00e1fico.<br>49. Sistemas multimedia.<br>50. Calidad y documentaci\u00f3n en entornos gr\u00e1ficos.<br>51. Ayudas automatizadas para el desarrollo de \u2018software\u2019 (herramientas case). Tipos. Estructura. Prestaciones.<\/p>\n\n\n\n<p><strong>BLOQUE 10 \u2013 REDES Y COMUNICACIONES<\/strong><\/p>\n\n\n\n<p>52. Sistemas en red. Tipos. Componentes y topolog\u00edas.<br>53. Transmisi\u00f3n de datos. Medios. Tipos. T\u00e9cnicas. Perturbaciones.<br>54. Arquitectura de sistemas de comunicaci\u00f3n. Niveles. Funciones. Servicios.<br>55. Conexi\u00f3n de ordenadores en red. Elementos \u2018hardware\u2019 necesarios. Tipos y caracter\u00edsticas.<br>56. \u2018Software\u2019 de sistemas en red. Componentes. Funciones y estructura.<br>57. Redes de \u00e1rea local. \u2018Hardware\u2019. \u2018Software\u2019. Recursos compartidos.<br>58. Redes de \u00e1rea extensa. Interconexi\u00f3n redes locales.<br>59. An\u00e1lisis e implantaci\u00f3n de un sistema en red.<br>60. Instalaci\u00f3n y configuraci\u00f3n de sistemas en red local.<br>61. Integraci\u00f3n de sistemas. Medios de interconexi\u00f3n est\u00e1ndares.<br>62. Evaluaci\u00f3n y mejora del rendimiento de sistemas en red.<br>63. Seguridad de los sistemas en red.<br>64. Explotaci\u00f3n y administraci\u00f3n de sistemas en red.<br>65. An\u00e1lisis comparativo entre un sistema operativo multiusuario y un sistema en red.<\/p>\n\n\n\n<p><\/p>\n","protected":false},"excerpt":{"rendered":"<p>Temario sobre el que se realizar\u00e1 la Parte B \u00abDesarrollo de un tema\u00bb de la&hellip;<\/p>\n","protected":false},"author":1,"featured_media":0,"parent":0,"menu_order":0,"comment_status":"closed","ping_status":"closed","template":"","meta":{"om_disable_all_campaigns":false,"_monsterinsights_skip_tracking":false,"_monsterinsights_sitenote_active":false,"_monsterinsights_sitenote_note":"","_monsterinsights_sitenote_category":0,"footnotes":""},"aioseo_notices":[],"_links":{"self":[{"href":"https:\/\/oposicionesinformaticaysai.com\/index.php\/wp-json\/wp\/v2\/pages\/180"}],"collection":[{"href":"https:\/\/oposicionesinformaticaysai.com\/index.php\/wp-json\/wp\/v2\/pages"}],"about":[{"href":"https:\/\/oposicionesinformaticaysai.com\/index.php\/wp-json\/wp\/v2\/types\/page"}],"author":[{"embeddable":true,"href":"https:\/\/oposicionesinformaticaysai.com\/index.php\/wp-json\/wp\/v2\/users\/1"}],"replies":[{"embeddable":true,"href":"https:\/\/oposicionesinformaticaysai.com\/index.php\/wp-json\/wp\/v2\/comments?post=180"}],"version-history":[{"count":2,"href":"https:\/\/oposicionesinformaticaysai.com\/index.php\/wp-json\/wp\/v2\/pages\/180\/revisions"}],"predecessor-version":[{"id":196,"href":"https:\/\/oposicionesinformaticaysai.com\/index.php\/wp-json\/wp\/v2\/pages\/180\/revisions\/196"}],"wp:attachment":[{"href":"https:\/\/oposicionesinformaticaysai.com\/index.php\/wp-json\/wp\/v2\/media?parent=180"}],"curies":[{"name":"wp","href":"https:\/\/api.w.org\/{rel}","templated":true}]}}